tors of 16395.
3, 5, 1093
List the prime factors of 7230.
2, 3, 5, 241
List the prime factors of 7368.
2, 3, 307
What are the prime factors of 2208?
2, 3, 23
List the prime factors of 17071.
43, 397
List the prime factors of 1375.
5, 11
What are the prime factors of 1160?
2, 5, 29
List the prime factors of 3314.
2, 1657
What are the prime factors of 6072?
2, 3, 11, 23
What are the prime factors of 65271?
3, 21757
What are the prime factors of 18940?
2, 5, 947
List the prime factors of 1115.
5, 223
List the prime factors of 5525.
5, 13, 17
What are the prime factors of 4662?
2, 3, 7, 37
What are the prime factors of 45645?
3, 5, 17, 179
What are the prime factors of 55402?
2, 27701
What are the prime factors of 1247?
29, 43
List the prime factors of 148167.
3, 101, 163
List the prime factors of 1399.
1399
What are the prime factors of 93726?
2, 3, 41, 127
What are the prime factors of 377?
13, 29
List the prime factors of 13637.
13, 1049
What are the prime factors of 31732?
2, 7933
What are the prime factors of 10391?
10391
What are the prime factors of 2316?
2, 3, 193
List the prime factors of 1123.
1123
What are the prime factors of 4826?
2, 19, 127
List the prime factors of 680.
2, 5, 17
What are the prime factors of 19544?
2, 7, 349
List the prime factors of 1046.
2, 523
List the prime factors of 54445.
5, 10889
List the prime factors of 374.
2, 11, 17
List the prime factors of 41495.
5, 43, 193
What are the prime factors of 133658?
2, 7, 9547
List the prime factors of 6695.
5, 13, 103
List the prime factors of 4461.
3, 1487
List the prime factors of 57503.
57503
List the prime factors of 1334.
2, 23, 29
List the prime factors of 12515.
5, 2503
What are the prime factors of 2168?
2, 271
What are the prime factors of 24399?
3, 2711
List the prime factors of 26665.
5, 5333
What are the prime factors of 1011?
3, 337
What are the prime factors of 14371?
7, 2053
List the prime factors of 20938.
2, 19, 29
What are the prime factors of 51509?
19, 2711
What are the prime factors of 5193?
3, 577
What are the prime factors of 151674?
2, 3, 17, 1487
List the prime factors of 891.
3, 11
What are the prime factors of 21731?
31, 701
What are the prime factors of 19542?
2, 3, 3257
List the prime factors of 1819.
17, 107
What are the prime factors of 68282?
2, 34141
List the prime factors of 1097.
1097
What are the prime factors of 499?
499
What are the prime factors of 2155?
5, 431
List the prime factors of 43853.
43853
List the prime factors of 498.
2, 3, 83
What are the prime factors of 3142?
2, 1571
What are the prime factors of 56650?
2, 5, 11, 103
What are the prime factors of 6897?
3, 11, 19
What are the prime factors of 39390?
2, 3, 5, 13, 101
List the prime factors of 234.
2, 3, 13
What are the prime factors of 37251?
3, 4139
What are the prime factors of 4960?
2, 5, 31
What are the prime factors of 2700?
2, 3, 5
List the prime factors of 61471.
61471
What are the prime factors of 1461?
3, 487
What are the prime factors of 30680?
2, 5, 13, 59
List the prime factors of 69796.
2, 17449
What are the prime factors of 68268?
2, 3, 5689
List the prime factors of 42874.
2, 13, 17, 97
What are the prime factors of 3457?
3457
List the prime factors of 1207.
17, 71
What are the prime factors of 21?
3, 7
List the prime factors of 625.
5
List the prime factors of 4838.
2, 41, 59
What are the prime factors of 101?
101
List the prime factors of 89812.
2, 22453
List the prime factors of 1190.
2, 5, 7, 17
What are the prime factors of 933?
3, 311
List the prime factors of 17726.
2, 8863
What are the prime factors of 5798?
2, 13, 223
What are the prime factors of 2934?
2, 3, 163
List the prime factors of 5120.
2, 5
List the prime factors of 3397.
43, 79
What are the prime factors of 3518?
2, 1759
List the prime factors of 685.
5, 137
List the prime factors of 52504.
2, 6563
List the prime factors of 1959.
3, 653
What are the prime factors of 6452?
2, 1613
List the prime factors of 35100.
2, 3, 5, 13
What are the prime factors of 1358?
2, 7, 97
List the prime factors of 7127.
7127
What are the prime factors of 6227?
13, 479
List the prime factors of 1158.
2, 3, 193
What are the prime factors of 5554?
2, 2777
What are the prime factors of 4075?
5, 163
What are the prime factors of 7592?
2, 13, 73
What are the prime factors of 22200?
2, 3, 5, 37
List the prime factors of 4688.
2, 293
List the prime factors of 1301.
1301
What are the prime factors of 65053?
65053
List the prime factors of 968.
2, 11
List the prime factors of 14681.
53, 277
List the prime factors of 592.
2, 37
List the prime factors of 1417.
13, 109
List the prime factors of 12769.
113
What are the prime factors of 8427?
3, 53
List the prime factors of 3293.
37, 89
List the prime factors of 25487.
7, 11, 331
What are the prime factors of 44429?
7, 11, 577
What are the prime factors of 3286?
2, 31, 53
What are the prime factors of 12679?
31, 409
List the prime factors of 1038.
2, 3, 173
What are the prime factors of 1177?
11, 107
What are the prime factors of 4452?
2, 3, 7, 53
What are the prime factors of 70515?
3, 5, 1567
List the prime factors of 146918.
2, 73459
List the prime factors of 115189.
127, 907
List the prime factors of 234.
2, 3, 13
List the prime factors of 101211.
3, 11, 3067
List the prime factors of 35781.
3, 11927
List the prime factors of 26729.
26729
List the prime factors of 38527.
59, 653
List the prime factors of 56936.
2, 11, 647
List the prime factors of 1872.
2, 3, 13
What are the prime factors of 47180?
2, 5, 7, 337
List the prime factors of 3062.
2, 1531
List the prime factors of 9505.
5, 1901
List the prime factors of 1938.
2, 3, 17, 19
List the prime factors of 27312.
2, 3, 569
What are the prime factors of 1903?
11, 173
What are the prime factors of 4975?
5, 199
List the prime factors of 11204.
2, 2801
What are the prime factors of 15535?
5, 13, 239
List the prime factors of 706.
2, 353
What are the prime factors of 2885?
5, 577
What are the prime factors of 1022?
2, 7, 73
What are the prime factors of 19453?
7, 397
List the prime factors of 22.
2, 11
What are the prime factors of 334?
2, 167
What are the prime factors of 644?
2, 7, 23
What are the prime factors of 1224?
2, 3, 17
What are the prime factors of 5749?
5749
What are the prime factors of 110281?
110281
List the prime factors of 8536.
2, 11, 97
What are the prime factors of 4798?
2, 2399
List the prime factors of 65.
5, 13
List the prime factors of 9370.
2, 5, 937
List the prime factors of 32363.
32363
What are the prime factors of 353?
353
List the prime factors of 96036.
2, 3, 53, 151
What are the prime factors of 4016?
2, 251
What are the prime factors of 3627?
3, 13, 31
List the prime factors of 29090.
2, 5, 2909
List the prime factors of 14036.
2, 11, 29
List the prime factors of 5234.
2, 2617
What are the prime factors of 19337?
61, 317
What are the prime factors of 10459?
10459
List the prime factors of 14984.
2, 1873
List the prime factors of 1811.
1811
List the prime factors of 6104.
2, 7, 109
List the prime factors of 6947.
6947
List the prime factors of 719.
719
List the prime factors of 2301.
3, 13, 59
What are the prime factors of 45164?
2, 7, 1613
What are the prime factors of 1914?
2, 3, 11, 29
List the prime factors of 67582.
2, 33791
What are the prime factors of 12567?
3, 59, 71
What are the prime factors of 17115?
3, 5, 7, 163
What are the prime factors of 13193?
79, 167
List the prime factors of 5817.
3, 7, 277
List the prime factors of 2762.
2, 1381
List the prime factors of 1463.
7, 11, 19
What are the prime factors of 86093?
7, 251
What are the prime factors of 737?
11, 67
What are the prime factors of 10599?
3, 3533
List the prime factors of 471.
3, 157
What are the prime factors of 8773?
31, 283
What are the prime factors of 22060?
2, 5, 1103
List the prime factors of 3894.
2, 3, 11, 59
What are the prime factors of 3374?
2, 7, 241
What are the prime factors of 1147?
31, 37
What are the prime factors of 2145?
3, 5, 11, 13
What are the prime factors of 55023?
3, 18341
What are the prime factors of 120?
2, 3, 5
What are the prime factors of 1977?
3, 659
What are the prime factors of 5713?
29, 197
List the prime factors of 23802.
2, 3, 3967
List the prime factors of 5415.
3, 5, 19
Li